/12 + t**3/3 - 3*t**2. Let s be a(-2). Let j = s + -48. What is the highest common factor of j and 10?
10
Let d = -18 - -29. Let l = 20 - d. What is the highest common divisor of 3 and l?
3
Let c = -97 + 119. What is the greatest common factor of c and 11?
11
Suppose -s = -2*d, -4*d - 4*s + 2*s + 16 = 0. Suppose -d*h + 6 = -36. What is the greatest common factor of h and 147?
21
Let q(d) = -8*d - 39. Let x be q(-6). What is the highest common factor of x and 63?
9
Let w be (15/4)/((-2)/(-8)). Let j = -11 - -15. Suppose -j*n + 44 = -76. What is the highest common factor of w and n?
15
Suppose 4*v - 3*q + 4*q - 8 = 0, -q = 0. Suppose -905 = -5*w + 5*a, 598 = 3*w + v*a + 60. What is the highest common divisor of w and 20?
20
Let x(s) = 15*s + 9. Let l be x(9). Calculate the highest common factor of l and 16.
16
Let u = 23 - 15. Let b be 6/8 + 26/u. What is the highest common divisor of b and 32?
4
Let b(h) = h**3 - 6*h**2 + 6*h - 4. Let l be b(5). Suppose 2*p - 85 = -l. Let d(u) = u + 12. Let j be d(2). What is the highest common divisor of p and j?
14
Suppose 3*h - 4 - 2 = 0. Suppose -6*k + 5*f - 14 = -h*k, 0 = 3*k - 5*f + 13. Let r be k/(-2) + (-17)/(-2). What is the highest common divisor of r and 99?
9
Suppose -441 = -l + 4*l. Let b = l - -207. Calculate the greatest common factor of 15 and b.
15
Let x(c) = 6*c**3 - 2*c**2 + 1. Let r be x(-1). Let w(n) = -8 - 3*n - 2 - 2*n. Let z be w(r). Calculate the highest common factor of z and 10.
5
Suppose 7*m + 384 = 19*m. Calculate the greatest common factor of 16 and m.
16
Let g = -1 + -5. Let s be -12*(10/g - -1). Suppose 44*j = 38*j + 240. What is the highest common factor of j and s?
8
Let l = 20 + 159. Let g = l - -31. Calculate the greatest common divisor of 30 and g.
30
Let v be (-20)/(-6) - (-3)/(-9). Let a be (-4)/34 + (-2135)/(-85). Let w be a + 0 + 2 + -3. Calculate the greatest common divisor of v and w.
3
Let v = 97 + 23. Let d = v + -32. Suppose 3*u - 36 = -3. What is the greatest common factor of u and d?
11
Let u(c) = 4*c + 12. Let w be u(10). What is the highest common factor of w and 13?
13
Let v(d) = -5*d + 0*d + 4*d. Let o be v(3). Let i be 54/1 + o + 3. What is the highest common divisor of 27 and i?
27
Let i(c) = 4*c**2 - 1. Let b be i(2). Let w be (20/b)/((-1)/(-3)). Calculate the greatest common divisor of 1 and w.
1
Suppose 3*p - 4*z = 66, -4*z = -2*p + z + 51. Let r = -72 - -117. What is the greatest common factor of r and p?
9
Let c be ((-252)/24)/(6/(-8)). Calculate the highest common divisor of c and 14.
14
Let q = -1 + 5. Suppose q*o + 0*o - 16 = 0. What is the greatest common divisor of 36 and o?
4
Suppose 2*h + 5*r - 2*r = 265, -2*r + 134 = h. What is the highest common factor of 16 and h?
16
Let o(q) = -q**3 + 4*q**2 + q + 3. Let k be o(3). Suppose -4*i - 3 = 3*l, 3*l + 183 = 4*i + 156. Calculate the greatest common factor of i and k.
3
Let l(y) be the third derivative of -y**4/6 - y**3/6 - y**2. Let g be l(-5). Let f be (-3)/(164/(-76) - -2). Calculate the greatest common divisor of g and f.
19
Suppose 0 = g + 3, 5*g + 13 = o - 12. Let n = 9 - 7. Calculate the greatest common divisor of n and o.
2
Let w(t) = t**3 - 13*t**2 + 13*t - 13. Let u be w(12). Let h be (-21)/(-2) + u/2. Calculate the greatest common divisor of h and 5.
5
Suppose 3*m + 2*b = 9, -2*m - 10 = -4*b - 0. Calculate the greatest common divisor of m and 1.
1
Suppose 0*q = 2*q - 20. Suppose 5*j + 2*l = 340, l + 4*l = -25. What is the greatest common divisor of q and j?
10
Let m be 1/4 - (-21)/(-4). Let k(r) = r**3 + 7*r**2 + 5*r - 7. Let v be k(m). Calculate the greatest common divisor of v and 162.
18
Suppose 5*w - 134 - 185 = -3*f, 0 = f + 2. Suppose 2*s = -5 + w. Calculate the greatest common factor of s and 45.
15
Let f(u) = -5*u - 5. Let x be f(-16). What is the highest common divisor of 30 and x?
15
Let m(k) = 6*k - 8*k + 6*k + 5*k - 2. Let t be m(6). Suppose 3*r + r = t. Calculate the highest common divisor of r and 117.
13
Let z(o) be the third derivative of -o**6/60 - o**5/60 + o**4/24 - 2*o**2. Let g be z(-2). What is the highest common factor of 1 and g?
1
Let q = -5 - -5. Suppose 4*p - 169 - 75 = q. Suppose p = 4*z + 3*j, -3*j - 36 - 15 = -3*z. What is the highest common factor of z and 64?
16
Let b = -11 - -31. Calculate the highest common divisor of b and 30.
10
Let o = -48 + 66. What is the greatest common factor of 2 and o?
2
Suppose 0 = 4*l - 4, -5*p + 16 = -l + 2*l. Suppose -p*c - 2*x = -17, -x - 5 = -3. Calculate the highest common divisor of c and 56.
7
Suppose -2*w = -f - 0*f + 42, 4*f = -3*w + 157. Calculate the greatest common divisor of f and 20.
20
Suppose 0 = -4*k - 0*s - 2*s + 82, -4*s - 66 = -2*k. Calculate the greatest common divisor of 46 and k.
23
Suppose 0 = -6*h + 19 + 29. Let y = -83 - -123. Calculate the highest common divisor of y and h.
8
Let w(m) = 110*m - 2. Let z be (-21)/(-15) + (-6)/15. Let v be w(z). Calculate the greatest common divisor of v and 27.
27
Suppose 0*x + 4 = 2*x. Let y(p) = -7*p + 3*p + 3 + p**x + p**3 - 5. Let t be y(5). Calculate the greatest common factor of 16 and t.
16
Suppose 0*p + 20 = 4*p. Suppose 4*b = p*r + 74, 0 = 4*b + r + 3*r - 92. Let f = b - -14. What is the highest common divisor of 5 and f?
5
Suppose 2*r = 2*u, -2*u + 5*r - 8 = 7. Suppose 3*i - 32 = -5*v, -3*i + 0*i - 8 = -u*v. Calculate the greatest common factor of v and 8.
4
Suppose 10 = k + k. Let t(j) = 23*j**2. Let b be t(-1). Let z be (-5)/(-2)*(b + -1). Calculate the greatest common factor of z and k.
5
Suppose 39 = l + 2*l. Let q be (702/(-4))/(2/(-4)). Suppose 4*c - c = q. Calculate the greatest common divisor of c and l.
13
Let x(s) = s**3 - 2*s - 1. Let d be x(-1). Let n = 6 - d. What is the highest common factor of 9 and n?
3
Let u be (-1)/(15/9 - 2). Suppose 4*z - u*z = x, 5*z - 2 = 4*x. Calculate the highest common factor of x and 4.
2
Let q(j) be the first derivative of 5*j**2/2 - j + 2. Let f be q(2). Suppose f*u - 4*u - 720 = 0. What is the highest common divisor of 18 and u?
18
Let n be 182/6 + 1/(-3). Let d(b) = -b**3 + 6*b**2 - 3*b - 4. Let q be d(3). Let w = -2 + q. Calculate the highest common divisor of w and n.
6
Let s be (-226)/(-7) - (-6)/(-21). Let p be 3/(-2)*s/(-6). Let v be 1/(-2) + 708/8. Calculate the greatest common divisor of v and p.
8
Let r be ((-35)/2)/(3/(-30)). Let f = -103 + r. Suppose -4*m + 3*m + f = 0. What is the highest common factor of m and 8?
8
Let r be (-4)/(-30) + 208/15. What is the highest common divisor of 35 and r?
7
Let b be (-4)/(-2) - 5/(-5). Suppose -5*q = 3*s - 20, 5*q + b = -22. Calculate the highest common divisor of 6 and s.
3
Let k(b) = -b**2 - 2*b + 1. Let h be k(-2). Let l be (44/20)/(h/5). Calculate the highest common divisor of l and 11.
11
Let v = 51 - 24. What is the greatest common divisor of 9 and v?
9
Suppose 2*d - 5*q + 2*q = -10, -q = d. Let o be (d - (-51 + -2)) + -2. Calculate the greatest common factor of o and 7.
7
Suppose 0 = -42*o + 46*o - 80. Calculate the greatest common divisor of o and 320.
20
Suppose f = -4*r + r + 18, 3*f + 5*r - 38 = 0. Calculate the highest common divisor of 18 and f.
6
Let z(u) = -u + 15. Let c be z(9). What is the greatest common divisor of c and 6?
6
Let a(u) = -u**2 - u + 2. Let k be a(0). Let b(c) = 5*c**3 + 2. Let z be b(k). Let x be 36/(-14)*z/(-9). What is the greatest common factor of 108 and x?
12
Suppose -13 = x - 90. Suppose -5*g + 6 - 26 = 0. Let r be g/(32/44)*-2. What is the highest common factor of x and r?
11
Suppose -9 = -j + 1. Let v(m) = 9*m**3 - m**2 + m. Let l be v(2). What is the highest common factor of j and l?
10
Suppose -5*n + 27 = -2*n. Let w be 0 - -2 - 0 - (-7 - -3). Calculate the highest common divisor of n and w.
3
Suppose 2*j + 21 = -j. Let s = j + 37. Calculate the highest common divisor of 6 and s.
6
Let c be (-12 + 15)/(6/4). Calculate the highest common factor of 16 and c.
2
Let i be 24 + 2/4*-2. Calculate the greatest common factor of 161 and i.
23
Let l be 1*2/(-2) + 13. What is the highest common factor of l and 24?
12
Let i be 70/(-20)*4/(-7). Let o be -1 + ((-96)/i)/(-4). Calculate the highest common factor of o and 33.
11
Let i(d) be the first derivative of d**3/3 - 7*d**2/2 + 9*d + 7. Let y be i(7). What is the greatest common d